5 = 6*z + 3*z. Suppose 3*r + z = 188. What are the prime factors of r?
3, 17
Let k = -17 - -23. Suppose k*b - 154 = 4*b. What are the prime factors of b?
7, 11
Let u(t) be the third derivative of -2*t**2 + 0*t + 0 + 17/24*t**4 + 0*t**3. What are the prime factors of u(2)?
2, 17
Suppose -8*b = -3*b - 990. Let k be (b/10)/((-1)/(-5)). What are the prime factors of k/12 - (-2)/(-8)?
2
Let d = 1459 - 917. What are the prime factors of d?
2, 271
Suppose 0 = 5*b + 5*w - 200, -2*b - 5*w + 181 = 101. List the prime factors of b.
2, 5
Let v(u) be the second derivative of 9*u**4/2 - u**3 - 5*u**2/2 + 27*u. List the prime factors of v(-2).
223
Let b(c) = -7*c**3 + c**2 + 5*c + 1. Let p(n) = -n - 15. Let x = -29 + 16. Let r be p(x). What are the prime factors of b(r)?
3, 17
Let c be (0/((-4)/(-2)))/(-1). Suppose c = -q + 3*q - 10. List the prime factors of q.
5
Suppose 79 = d - 3*n, 0 = 8*d - 13*d - 5*n + 335. List the prime factors of d.
2, 5, 7
Suppose -2*r - 4*s + 0 - 14 = 0, -2*r = -s - 11. Suppose -4*w - v + r*v = 2, 3*w - 21 = -3*v. List the prime factors of -6*((-33)/6 + w).
3, 7
Let u = -273 + 585. List the prime factors of u.
2, 3, 13
Let l be 6/4*40/12. Let a(o) = 4*o - 17. Let r be a(l). Suppose 0 = -r*p - 15, 6*g - 2*g - 39 = -5*p. List the prime factors of g.
2
Suppose 2*x + 4*p = 76, -4*p = -4*x + 112 - 8. Suppose 10 = -5*b + x. What are the prime factors of b?
2
Suppose -y - 4*t + 13 = -t, 0 = -4*t - 4. Suppose -498 = 10*l - y*l. What are the prime factors of l?
83
Let c be 1 + 0 + (-6)/(-2). Suppose 0 = -4*x - r - 183, r - 25 = -c*r. Let d = -6 - x. List the prime factors of d.
41
Suppose -5*b = 3*t - 8, -2*b + 4 = 4*t + 3*b. Let p(v) = 3*v**2. Let c be p(t). List the prime factors of c/(-10)*5/(-2).
2, 3
Let r(l) = -22*l + 3. Let a be (-4)/(-8) + ((-7)/2 - 2). What are the prime factors of r(a)?
113
Let s be 8/((3 + 1)/2). Let k be s/2 + (-130)/(-10). Suppose -13*t - 8 = -k*t. What are the prime factors of t?
2
List the prime factors of (31306/44)/((-3)/(-6)).
1423
Let k(y) = 5*y**2 + 8*y - 11. Let l be k(-5). Suppose -b = 5*h - 0*h - l, h + 4 = 0. What are the prime factors of b?
2, 47
Suppose 665*z = 667*z - 1994. What are the prime factors of z?
997
Suppose -3*f + 55 = -5*k - 75, -3*k + 4*f = 67. Let h = -18 - k. Suppose -2*u - o = -37, u - 2*o - h = -4*o. List the prime factors of u.
3, 7
Let p(k) = 2*k**2 + 0*k + 3*k - 7 + 15*k**2 + 11. List the prime factors of p(-2).
2, 3, 11
Suppose -x + 36 = 2*k - 0, -2*x + 3*k + 93 = 0. Let l = x + 51. What are the prime factors of l?
3, 31
Let r(t) = -t**2 - 17*t + 19. Let l be r(-18). What are the prime factors of 51 - (0 - (2 - l))?
2, 13
List the prime factors of (1607/(-8))/(-1*10/80).
1607
Let q = -286 + 4906. List the prime factors of q.
2, 3, 5, 7, 11
Suppose -4*o - 11 = -19. Let l(j) = -10 + 16 - 5*j + j**o - 24. What are the prime factors of l(10)?
2
Suppose 4*v - 2*m = 12, 2*m = 3*v + 2*v - 15. Suppose s = -5*d + 40, 4*d - 7*s + v*s - 56 = 0. Suppose 4*i + d = 29. List the prime factors of i.
5
Suppose 3*j + 2*k - 1886 = -0*k, k = -5*j + 3141. What are the prime factors of j?
2, 157
What are the prime factors of (-54720)/(-30) - (-2 + (-4)/(-1))?
2, 911
What are the prime factors of (69124/77 - 8) + 4/14?
2, 5, 89
Let f be (-9)/(-2)*(-9 - 12/(-4)). Let h = 31 - f. What are the prime factors of h?
2, 29
Let x(g) = 3*g + 1. Let s be x(0). Suppose 0 = 4*t + 20, 2*f + s = -4*t - 7. Suppose 5*a + 2*m = 339, 4*m = -f + 14. List the prime factors of a.
67
Let a = 446 + -410. List the prime factors of a.
2, 3
Let o(v) = v**2 - 14*v + 9. Let d(y) = 2*y**2 + y - 1. Let p be d(2). Let l be o(p). What are the prime factors of 414/8 + (-9)/l?
2, 13
Let o = -950 - -2421. List the prime factors of o.
1471
Let w(k) = -k**3 - 9*k**2 - 2*k - 6. Let a be w(-9). Suppose -4*f = -a, c + 2*f - 42 = -2*f. Suppose 6*o - c = o. What are the prime factors of o?
2, 3
Suppose 0 = -5*p - a + 787, -13*a - 6 = -16*a. What are the prime factors of p?
157
Let w be -1 - -3 - (-2 - -5). Let r(d) = -4*d**3 + 1. Let u be r(w). Suppose -4*v = 5*t - 168, v + 4*v = -u*t + 165. List the prime factors of t.
2, 3
Let v be (-2)/3*(-63)/6. Let t(z) = z**3 - 6*z**2 - 4*z - 14. List the prime factors of t(v).
7
Let g = 6565 + -2497. List the prime factors of g.
2, 3, 113
Suppose 50*g - 352 = 848. What are the prime factors of g?
2, 3
Let z(l) = -l**3 + 11*l**2 + 5*l + 2. Suppose 10 = 2*x - 6. What are the prime factors of z(x)?
2, 3, 13
Let w = 46 - 30. Suppose 19 = 4*i + 3*x + 1, 2*x + w = 2*i. Let h = i + 4. What are the prime factors of h?
2, 5
Let w(b) = 306*b + 458. List the prime factors of w(8).
2, 1453
Let r(b) = 6*b**2 + 9*b - 3 + 9*b + 4*b - b**3 - 16*b. List the prime factors of r(5).
2, 13
Let n be 0 - (83*-1 - 0). Suppose 83 = -3*h - 70. Let x = n + h. What are the prime factors of x?
2
Let m(y) = -y**3 - 13*y**2 - 10*y + 13. Let w be -13 + 0*(-2 + (-3 - -6)). List the prime factors of m(w).
11, 13
Let x(w) = -4*w**3 + 8*w**3 + 4*w**2 - 3 - 3*w**3 + 4*w**2 + 7*w. Let k = 7 - 13. List the prime factors of x(k).
3
Suppose -2*o - 8*w = -13*w - 2815, 5665 = 4*o - 3*w. What are the prime factors of o?
2, 5, 71
Let v(w) = 789*w + 3. What are the prime factors of v(4)?
3, 13
Suppose -3*v + 26 = -109. Suppose -5*s + v = -30. List the prime factors of s.
3, 5
Suppose 690 = -7*u - 3*u. Let n = u + 139. List the prime factors of n.
2, 5, 7
Suppose 0 = -v + 3*v - 152. Suppose 5*k = r - v, -129 + 417 = 3*r + 5*k. Suppose -2*a = 2*z - 62, 2*a = 3*z + 3*a - r. List the prime factors of z.
2, 3, 5
Suppose 91 = -2*b - 5*b. Let l = 33 + b. What are the prime factors of l?
2, 5
Suppose -5 = -3*h + 7. Suppose -5*t = z - 0*z - 8, 3*z - h = 5*t. Suppose 5*x = 4*v + 195, -z*v + 2*v - 156 = -4*x. What are the prime factors of x?
3, 13
Let z = 17 - 20. Let h be z/(-9)*(-1 - -1). Suppose -a + 15 = -h. List the prime factors of a.
3, 5
What are the prime factors of (-2 - 16115/(-15)) + 6/(-18)?
2, 67
Let z be (-9)/12 + 524/16. Suppose -2*r - u - 69 = -4*r, -r + 3*u + z = 0. Suppose 3*s + 5*y = 4*s - r, -3*s - 4*y = -181. List the prime factors of s.
5, 11
Let f be (2 - 2)/(-2) + 40/(-10). List the prime factors of (84/18 - -4)*(-30)/f.
5, 13
Let o(m) = -672*m**3 - 2*m**2 + m + 1. What are the prime factors of o(-1)?
2, 5, 67
Suppose 4*x - 1664 = -t, 0 = 3*x + 5*t - 180 - 1085. What are the prime factors of x?
5, 83
Suppose -3*v - 1564 = -2*m + v, -2*v = -10. List the prime factors of m.
2, 3, 11
Suppose -6*x = 69 + 75. Let q(h) = h**2 + 22*h + 1. What are the prime factors of q(x)?
7
Suppose l + 8 = -2*f, l - 5*f - 11 + 54 = 0. Let v = l - -26. Suppose v*y + 60 = 13*y. List the prime factors of y.
2, 3
Suppose 2*p = -4*b + 5*p + 24763, 4*p - 30946 = -5*b. List the prime factors of b.
2, 5, 619
Let b = -1190 + 2959. List the prime factors of b.
29, 61
Suppose -3*n - c + 2*c + 76 = 0, 4*c = 3*n - 79. Suppose 147 + n = 2*d. List the prime factors of d.
2, 43
Let n = 21 + 306. What are the prime factors of n?
3, 109
Let d(q) be the second derivative of q**5/4 + 5*q**3/3 - 6*q**2 - 3*q + 2. What are the prime factors of d(4)?
2, 3, 29
Let m = 280 + -251. What are the prime factors of m?
29
Let o be 4/(-10) + 72/30. Suppose -3*j = o*j - 80. Let u = j + 11. List the prime factors of u.
3
Let u = 6 - -4. List the prime factors of 6/15 - (-1076)/u.
2, 3
Let l = 307 + 533. List the prime factors of l.
2, 3, 5, 7
Suppose 0 = 5*z - 0*z - 20. Let f(m) = -4*m + 61. Let g be f(7). Suppose z*x - 89 = -g. List the prime factors of x.
2, 7
Let q = -86 - -89. Suppose -q*l - 73 = -352. List the prime factors of l.
3, 31
Suppose -x + 2*x - 18 = -3*g, 0 = -2*g - 5*x + 12. Suppose g*l + 5*m - 105 = 2*l, -l - 5*m + 45 = 0. Let y = l + -12. List the prime factors of y.
2
Let l = -66 - -60. Let w(u) = -19*u + 30. What are the prime factors of w(l)?
2, 3
Let x(d) be the third derivative of d**6/120 + d**5/10 - 19*d**4/24 + 5*d**3/3 - 9*d**2. List the prime factors of x(5).
2, 5, 19
Let j(k) = 1277*k - 305. What are the prime factors of j(4)?
3, 1601
Suppose -q - d + 1674 + 2557 = 0, d = -3. List the prime factors of q.
2, 29, 73
Let d(z) = 4*z - 6. Let p be d(5). Let n = p - 8. Suppose o - 5*w = 28, 0 = -w + 2 - n. What are the prime factors of o?
2
Suppose 6 = 3*j, 